g**2 - 25*g - 37. Let c(x) = -2*s(x) + 9*u(x). Calculate the remainder when c(-10) is divided by 9.
6
Suppose -5*m = -3*j - 19 + 34, j = -2*m + 16. Suppose -2*i = -3*r + 4*r - 53, -94 = -2*r + 2*i. What is the remainder when r is divided by j?
9
Let t = -629 + 1103. Calculate the remainder when t is divided by 53.
50
Let o = -949 - -966. Calculate the remainder when 475 is divided by o.
16
What is the remainder when (-7 + -246)*(-5 + 4) is divided by 46?
23
Suppose 2*b - 57 = -1. Suppose -3*o = 5*p - 87, -4*o = -4*p - 13 + 57. Calculate the remainder when b is divided by p.
13
Let c(l) = -l + 2. Suppose -5 = -2*d - 3. Let o be c(d). What is the remainder when 13 is divided by 5 - (-1)/(o/3)?
5
Let k = -12 - -33. Suppose 5*f - 66 = -k. Calculate the remainder when (-4)/(12/225)*11/(-33) is divided by f.
7
Let h = 108 + -78. What is the remainder when h is divided by 133/(-14)*(-2)/1?
11
Let d = 10 + -10. Let y(k) = -2*k + 33. Calculate the remainder when y(d) is divided by 17.
16
Let c be (2*12/8)/((-6)/(-4)). Suppose 5*q = -c*q + 987. Calculate the remainder when q is divided by 16.
13
Let d(y) = -y**2 + 7*y - 6. Suppose 8 = 2*u - 0*u. Calculate the remainder when (-86)/(-4) - 1/2 is divided by d(u).
3
Let b = -16 + 31. Suppose -5*d = -5*a - 10, -d - 4*a - a = 28. Let r = d + b. What is the remainder when 22 is divided by r?
10
Let z(q) = -q + 25. Suppose 2*a - 3*s = a + 26, -2*s = 2*a - 28. What is the remainder when z(a) is divided by 6?
2
Suppose 6*s - 8*s = 7*u - 248, -3*s - 5*u = -361. What is the remainder when s is divided by 61?
56
Let c = 3 - -7. Let u(s) = 2*s - 39. What is the remainder when u(44) is divided by c?
9
Let q(l) = -3*l**2 - 49*l - 45. Suppose 4*u + 5*s - 132 = -1, -4*u = 3*s - 125. What is the remainder when u is divided by q(-15)?
14
Let x = 262 - 128. Calculate the remainder when x is divided by 15.
14
Let y(o) = -85*o + 184. What is the remainder when y(-7) is divided by 34?
31
Suppose 0 = g - 2*g + 53. Let a = g + -30. Calculate the remainder when -86*(-1 + 4/8) is divided by a.
20
Let w(y) = -y**2 - 9*y + 31. What is the remainder when w(-9) is divided by 8?
7
Suppose -2*f - s + 81 = 0, 5*s - 24 = -f + 10*s. What is the remainder when 349 is divided by f?
37
Let l(n) = -10*n + 3*n**3 + 1 - 11*n**2 - 4*n**3 + 2. What is the remainder when 3*(7/42)/(2/16) is divided by l(-10)?
1
Let h = 20 + -19. Let u = -9 - h. Let k(s) = -s**2 - 11*s - 4. Calculate the remainder when k(u) is divided by 3.
0
Let b = -59 - -30. Let y = b - -47. Calculate the remainder when 29 is divided by y.
11
Let c = -6 + 11. Suppose 0 = c*t - 91 - 9. Suppose 4*a - t = 0, -4*r + 124 = 4*a - 0*a. Calculate the remainder when 75 is divided by r.
23
Let b(t) = -t**2 - 32*t - 168. What is the remainder when b(-21) is divided by 35?
28
Suppose 4*i + 2*b = 332, 0 = 3*i - 7*b + 12*b - 242. What is the remainder when 413 is divided by i?
77
What is the remainder when 121 is divided by -52*9/(-84) - (-6)/14?
1
Let g = -53 + 55. Suppose 2*b = -4*f, 3*f - 3*b = 5*f - 4. What is the remainder when 19 is divided by f + 4 + 14/g?
9
Let t(s) = s**3 + 6*s**2 - 4*s + 3. Let a be (3 - (-26)/(-10))*5. Suppose 65 - 45 = a*z. What is the remainder when t(-6) is divided by z?
7
Let k = 1887 - 1800. Let s(y) = 2*y**2 + 3*y + 2. What is the remainder when k is divided by s(-4)?
21
Suppose 5*b - 10*b = -5*l - 155, -4*b + 142 = 5*l. Calculate the remainder when b is divided by 4.
1
Suppose 534 = 8*h - 5*h. Suppose 4*i = -14 + h. Calculate the remainder when 163 is divided by i.
40
Let m be 2 + 45 - (7 + -4). Suppose -4*x + z + 44 = 6*z, -4*x + m = -2*z. Calculate the remainder when 41 is divided by x.
8
Suppose 4*p + 48 = 228. What is the remainder when 237 is divided by p?
12
Calculate the remainder when 154 is divided by (6 - (-108)/(-15))*800/(-12).
74
Let q = -859 + 913. Let a = -17 - -31. What is the remainder when q is divided by a?
12
Let j = 369 - 210. What is the remainder when j is divided by 33?
27
Suppose 0 = 5*g - 25*g + 1520. What is the remainder when g is divided by 21?
13
Let w(c) = 14 - 19 - 2*c - 4. What is the remainder when w(-9) is divided by 4?
1
Suppose -2*i + 1 = 4*q - 1, i = -3*q + 3. Suppose 0 = -9*l + q*l + 42. What is the remainder when 21 is divided by l?
3
Suppose 3*k + 6 = 0, v + k = 2*k + 40. What is the remainder when v is divided by (6/9)/(-2*(-10)/600)?
18
Suppose -208*a + 364 = -206*a. Calculate the remainder when a is divided by 40.
22
What is the remainder when 237 is divided by 7 + (-1)/(-10) - 2/20?
6
What is the remainder when 46 is divided by (-4536)/(-322) - 4/46?
4
Calculate the remainder when 72 is divided by -5 + 5 - (0 - (-2 + 67)).
7
Let f = -98 - -102. Suppose -f*y + 555 = -49. What is the remainder when y is divided by 31?
27
Let x = 2934 + -2762. What is the remainder when x is divided by 47?
31
Let m = 806 - 444. What is the remainder when m is divided by 26?
24
What is the remainder when (-4)/(-6)*(-5418)/(-28) is divided by 13?
12
Let m(q) = -15*q - 91. Let l(h) = -h**2 + 2*h + 25. What is the remainder when m(-11) is divided by l(0)?
24
Let i be -1 + -1 + (-2 - 2). Calculate the remainder when -9 - -9*(-44)/(-33) is divided by 4/i + (-5)/(-3).
0
Let p(q) = -2*q**2 - 76*q + 176. What is the remainder when p(-39) is divided by 65?
33
Let s be (-2010)/(-14) + (-156)/273. Let j = s - 124. Calculate the remainder when j is divided by 5.
4
Let c = 31 + -10. Let o = -1546 + 1626. Calculate the remainder when o is divided by c.
17
Let d be 78*(42/4)/7. Suppose -4 = -r + 5*v + d, 4*r - 484 = -2*v. Calculate the remainder when r is divided by 31.
28
Suppose -115 = -6*m + 29. What is the remainder when 237 is divided by m?
21
Let d = -96 - -145. Suppose -11 + 58 = 2*t + 5*k, -3*k = 2*t - d. What is the remainder when 127 is divided by t?
23
Suppose 4*b = b - 96. What is the remainder when b/(0 - (0 + (4 - 3))) is divided by 9?
5
Suppose 4*j = j - 213. Let h = -33 - j. Calculate the remainder when h is divided by 8.
6
Suppose 5*k - 479 = 9466. Suppose -2*i + k = 11*i. What is the remainder when i is divided by 39?
36
Let q be (-1)/((-21)/(-24) - 1). Let g = q - -3. Let w = 20 - g. What is the remainder when 24 is divided by w?
6
Let b be -2*3/6 + 15. Suppose 3*p + a - 220 = 0, 13*p - 5*a = 12*p + 68. Calculate the remainder when p is divided by 262/b + (-4)/(-14).
16
Suppose 22 - 6 = 2*v. Let q(s) = -2*s**3 - 7*s**2 + 7*s + 7. What is the remainder when q(-5) is divided by v?
7
Let r(u) = -7*u - 9. Let t(p) = p. Let o = 27 + -26. Let b(w) = o*t(w) + r(w). What is the remainder when b(-12) is divided by 22?
19
Let i = 235 + -161. Suppose 4*p = 58 + i. What is the remainder when p is divided by 17?
16
Let p = -8 - -11. Suppose -73 = -5*z - 23. Calculate the remainder when z is divided by p.
1
Let g = 116 - 50. Suppose c = 3*c - g. Suppose 0 = -h - 8 + c. What is the remainder when h is divided by 14?
11
Calculate the remainder when (-264)/(-9) - (3 + 24/(-9)) is divided by 18.
11
Let v(r) be the first derivative of -r**3/3 + 7*r**2 - 20*r + 16. What is the remainder when v(9) is divided by 10?
5
Let h(y) = 3*y**3 - 6*y**2 - y + 11. Suppose 1 = 4*b - 3. Let u(r) = r**3 + 1. Let n(w) = b*h(w) - 2*u(w). Calculate the remainder when 4 is divided by n(6).
1
Let i(m) = m**2 + 4*m + 4. Let o be i(0). Suppose a + a + 30 = o*g, -3*a = 5*g - 54. Calculate the remainder when g is divided by 4.
1
Let k = 351 + -211. Suppose -2*j = -4*x - 60, 0 = -5*j + 6*x - x + k. What is the remainder when 76 is divided by j?
24
Let k be (32/20)/(8/20). Suppose p = 2*t + 2*p - 75, 156 = k*t + 4*p. Calculate the remainder when t is divided by 13.
10
Let z(r) = -53*r - 575. What is the remainder when 80/3 + 2/(-3) is divided by z(-11)?
2
Let f be 116/(-19) + 6/57. Calculate the remainder when 49 is divided by (-1 + (-32)/f)*3.
10
Suppose -7*s = -2*s - 65. Let j = 75 - 39. Calculate the remainder when j is divided by s.
10
Suppose -115*i = -71*i - 572. What is the remainder when 140 is divided by i?
10
Suppose -162 - 46 = -4*p. What is the remainder when p is divided by 26?
0
Let g = 494 + -486. What is the remainder when 111 is divided by g?
7
Let s = 1 + 2. Suppose -4*l = 3*w - 44, -5*l = 5*w - s*w - 41. Calculate the remainder when 18 is divided by w*(-